h + 33*v**2. Determine o(0).
-3
Let r(v) be the first derivative of v**2 + 2*v - 16. Let z(c) = 3*c. Let b be z(1). What is r(b)?
8
Suppose -8*m + 5*m = -48. Suppose m*g + 28 = 12*g. Let u(q) = -4*q - 7. What is u(g)?
21
Suppose 3 = 4*g - 13. Let d(b) = -6*b**2 - b + 6. Let h(f) = -5*f**2 + 5. Let m(a) = -4*d(a) + 5*h(a). Determine m(g).
1
Let d be ((-246)/(-861))/((-41)/21 - -2). Let k(a) = -a**3 + 5*a**2 + 8*a - 6. What is k(d)?
6
Let k(z) = -4*z**2 - 12*z - 3. Let o(a) = -a**2 - a. Let r(l) = -k(l) + 3*o(l). Calculate r(-7).
-11
Let m(l) = -6*l + 1. Let u(h) be the second derivative of -h**3/2 + 17*h**2 - 18*h. Let p be u(12). Give m(p).
13
Let q(x) be the first derivative of 6*x**2 - x - 1. Let k = -134 - -162. Suppose 1 = -o + 4*z + 20, -3*o - k = 5*z. What is q(o)?
-13
Let q be (4 - 13) + (-27)/(-3). Let c(d) = d**3 - d**2 - d + 6. Determine c(q).
6
Let o(j) = -9*j - 4 + 3 + 10*j - 2. Determine o(4).
1
Let o(x) be the first derivative of 3*x**2/2 + 2*x + 153. Determine o(1).
5
Let g(o) = -7*o**3 + o**2 - o. Let p be ((-3)/2)/(9/(-12)). Suppose -p = -5*t + 5*f + 8, 4*t + 4*f = 0. What is g(t)?
-7
Let l be (-18 + 19)/((-1)/1). Let x(w) = 53*w**3 - 2*w - 1. Calculate x(l).
-52
Let l(d) = d + 7. Let s = 7 + 11. Suppose -2*f + 5*c - 2 - s = 0, 2*f + 3*c = 12. What is l(f)?
7
Suppose 0 = 4*a + f + 1, -2*a + 4*a = -2*f - 8. Suppose -5*c = -a - 24. Let q(p) = 2*p**3 - c*p**2 - 2*p**3 + p**3. Give q(5).
0
Let p(i) = i**2 + 3*i + 1. Suppose -6*t - 46 = 14. Let d be (t + 8)*(2 + -1). Calculate p(d).
-1
Let z = -7 - -7. Let w = 7 - z. Suppose 5*k = w*k. Let y(g) = -g**2. Give y(k).
0
Let j(h) = h - 2 + 2 - 2. Let x = -647 - -652. Give j(x).
3
Let r(y) = -y**2 - 6*y - 2. Let b be r(-1). Let n(z) = -z - 1. Determine n(b).
-4
Let q(o) = 6*o**2 - o - 3. Let l(a) be the first derivative of a**3/3 + a**2/2 + a - 12. Let c(g) = 2*l(g) + q(g). Determine c(1).
8
Let q(r) = r**3 + 10*r**2 + 11*r + 11. Let i be q(-9). Let t = i + 2. Let m(f) = 3*f - 1. Let h(o) = -o. Let w(s) = -7*h(s) - m(s). Calculate w(t).
-19
Let h(m) be the first derivative of 7*m**2/2 + 4*m + 1. Suppose 13 = -134*a + 132*a + 7. Determine h(a).
-17
Let c = 45 + -35. Let q(f) = -2*f - 3. Let g be q(-7). Let d = g - c. Let z(p) = 4*p**3. Determine z(d).
4
Let z(t) be the first derivative of -t**4/4 + t**3/3 - t**2/2 + 9*t + 36. Give z(0).
9
Let z(h) = -4*h - 4. Let p be z(-3). Let j(n) = -n**3 + 2*n**2 + n. Let x(m) = -4*m**3 + 13*m**2 + 13*m - 12. Let w(b) = 3*j(b) - x(b). Give w(p).
-4
Let l(a) = -5*a. Let w = -1510 - -1508. Calculate l(w).
10
Let h be 3 - -41 - (-2)/(-1). Let g be -1*h/(12/(-4)). Suppose 2*u + w + 14 = -w, -2*u - w - g = 0. Let m(d) = -d**3 - 8*d**2 - 7*d - 5. Calculate m(u).
-5
Let w(v) = v**3 + 2*v**2 - 16*v - 7. Suppose 376 = 2*c + 386. Give w(c).
-2
Let d(c) = 538*c**3 - 539*c**3 + 10*c**2 - 3 - 8*c - 4. Let m be d(9). Let x(o) = 5*o**2 - 3*o + 1. Calculate x(m).
15
Let p(a) = -2*a**2 - 1. Let y be 25/20 + 3/(-12). Let q be p(y). Let w(n) = 4*n**3 - n**3 - 2*n**2 + 4*n - 4*n**3 + 0*n**3. Calculate w(q).
-3
Let v = -225 - -232. Let w(p) = -p**2 + 10*p - 13. Give w(v).
8
Let x(m) = 6*m**2 + 0*m**3 + 3 + m**3 - 2*m + 7*m. Let i = 3442 - 3447. Give x(i).
3
Let y(n) be the second derivative of -n**3/6 - n**2/2 - n. Let v be 1 + 1/1*(-14)/2. Let m be 1 + (v + 5 - -5). What is y(m)?
-6
Suppose -4*q = 4*a - 9*a - 50, 0 = -5*q - 25. Let f(u) = -u**3 - 12*u**2 + 27*u - 15. Let w be f(a). Let r(t) = -4*t + 1. Determine r(w).
5
Let b(d) = -4*d**3 + 4*d**2 + d + 2. Let f be b(-2). Suppose 10 = -f*n + 46*n. Let u(z) be the third derivative of -z**4/12 - z**3/2 - z**2. Determine u(n).
7
Let o(j) = -5*j**3 - 11*j**2 - j + 3 - 1 + 6*j**3. Let d be o(11). Let i(p) = -p**3 - 9*p**2 + 8. What is i(d)?
8
Suppose p - 1 = 0, -2*p + 10 = -m - 3*m. Let o be (m + 2)/(8 + -10). Let d(h) = 9*h**2 - 5*h - 13*h**2 + 4 + h**3 + o*h**3. Calculate d(5).
4
Let v(i) = -i**2 - 23*i - 2. Let p be v(-22). Let k(w) = -26*w**3 - 3 + 6*w - p*w**3 + 47*w**3 - 6*w**2. Suppose x + 20 = 6*x. Calculate k(x).
-11
Let d(x) = -1477*x**2 + 500*x**2 + 491*x**2 + 492*x**2. Calculate d(1).
6
Let x(u) = 9*u**3 + 3*u**2 + 2*u - 2. Let p(i) = 5*i**3 + 2*i**2 + i - 1. Suppose -2*k - 2*m = -3*k - 1, 3*k + 5*m = -25. Let y(o) = k*p(o) + 3*x(o). Give y(1).
1
Let t(k) = k**3 + k**2. Let l(i) = 5*i**3 + 8*i**2 + 3*i. Let o(d) = l(d) - 4*t(d). Let c be (15/10)/(6/(-8)). Give o(c).
2
Let a(t) = 10*t + 7. Let v(j) = -5*j - 3. Let p(h) = -3*a(h) - 5*v(h). Let g(s) = -s - 1. Let y(w) = 6*g(w) - p(w). What is y(5)?
-5
Let z(q) = q + 5. Let v(g) = -4*g - 25. Let k(b) = 2*v(b) + 10*z(b). Give k(6).
12
Let z(a) = a**2 + 4*a - 3. Suppose 0 = -4*k, 5*q + 69*k + 15 = 74*k. What is z(q)?
-6
Let u(w) = -13*w - 5. Let o be u(-1). Let r(a) = -a**2 - 7*a - 5. Let h be r(-5). Let j(f) = -9*f - 2*f**2 + 4 - h*f**2 - f**3 + 2*f**3. Calculate j(o).
-4
Let m(f) = -6 - 118*f**3 + 5*f**2 + 2*f**2 + 119*f**3 + 16 - 4*f. What is m(-8)?
-22
Let s(i) be the third derivative of 7*i**4/8 + i**3/6 - 4*i**2 - 2*i. What is s(-1)?
-20
Let r = 3 + -5. Let m(p) = -19*p + 9. Let z(v) = -20*v + 20. Let a(o) = -10*o + 11. Let s(b) = -5*a(b) + 3*z(b). Let t(i) = -6*m(i) + 11*s(i). Determine t(r).
-7
Let y(w) = -w**3 + w**2. Let u(t) = t**3 - 6*t**2 - 2*t + 4. Let m(a) = u(a) + 2*y(a). Let c = 739 - 742. Give m(c).
1
Let g = -43 + 48. Let t(w) = 2*w**2 - 2*w + 6. What is t(g)?
46
Let n(a) = a**2 + 4*a - 8. Suppose -3*z = -2*p + 15, -p = 4*z - 27 + 3. Let x be (-1)/(14/p - 1). Give n(x).
4
Let y(b) = b**3 - 5*b**2 - 3*b - 4. Suppose -5*x = 5*c - 10*c - 20, 2*x - 20 = -4*c. Suppose -x*g - 5*v + 5 = -2*g, 2*v + 11 = g. What is y(g)?
-19
Let l(v) = -v. Let y be 2 + -3 - (6 + 1). Let t be 17/4 + 2/y. Suppose -t*d = 2*i + 12, -i = -3*d + d - 10. Give l(d).
4
Suppose -4*b + h + 358 = 50, 4*b + 5*h - 308 = 0. Let l(t) = t + b - 43 + 0*t - 42. Determine l(9).
1
Let r be 3/(-2)*4/(-3). Suppose u - 3 = r*u. Let k(s) be the second derivative of s**3/6 + 3*s**2 + 4*s. Calculate k(u).
3
Let o be (-12)/(-114) - 210/(-171). Let p(a) be the first derivative of 3*a**2 - 1 - o*a**3 - 1/4*a**4 - a. Give p(-5).
-6
Let l(m) be the third derivative of m**6/120 + m**5/15 - m**4/24 + m**3/2 - 224*m**2. Give l(-4).
7
Let u(w) = -70278 + 70286 - w + 0*w. Calculate u(6).
2
Suppose 0 = i - 1, r = -i + 3*i - 1. Let j(t) = 27*t**3 + t. Determine j(r).
28
Let f(a) = -2 - 1 + 3*a - 3 - 2*a. Let x be f(4). Let p(t) = -4*t - 2. What is p(x)?
6
Let x(b) be the first derivative of b**3/6 - 2*b**2 + 11*b + 16. Let n(p) be the first derivative of x(p). Calculate n(4).
0
Let r(w) be the third derivative of -w**6/40 + w**5/60 + w**4/24 + w**3/6 - 464*w**2 + 1. Let x be (4/4)/(-1*1). Calculate r(x).
4
Let c(y) = -y**3 - 20*y**2 - 23*y - 3. Let w(i) = -7*i**2 - 8*i - 1. Suppose 0 = 2*a + 4 + 8. Let j(l) = a*c(l) + 17*w(l). Determine j(-1).
-6
Let a(d) be the third derivative of d**4/24 - d**3/2 + 36*d**2. Give a(9).
6
Let n(u) be the second derivative of 0*u**2 + 0*u**5 + 7/12*u**4 + 0 + 0*u**3 - 7/720*u**6 + 2*u. Let s(g) be the third derivative of n(g). Calculate s(1).
-7
Suppose -9*w = -18*w - 630. Let n = w + 71. Let p(s) = -7*s**2. Give p(n).
-7
Let u(x) = 2*x**3 + 5*x**2 + 4*x. Let k = -2597 + 2595. Calculate u(k).
-4
Let a(k) = -81*k**2 - 2*k + 2. Suppose -19*z - j + 4 = -18*z, 5*z = -2*j + 11. Calculate a(z).
-81
Let j = 15 + -13. Suppose -j*f - 13 = -f. Let r = f + 9. Let t(x) = -x - 5. Determine t(r).
-1
Let f(j) be the first derivative of -j**2 + 1/3*j**3 + 2*j + 6. Give f(5).
17
Suppose j + m = -1, 14 = 4*j + 5*m - 10*m. Let l(u) = 4*u - 10. Let n(i) = -i - 1. Let v(p) = j*l(p) + 5*n(p). Determine v(0).
-15
Let p = -7 - -11. Let i be ((-28)/(-42))/(2/6). Let g(f) = -9*f - i*f + 5*f + 6 + 4*f. Give g(p).
-2
Let v(s) = 3*s + 15. Let g(f) = 4*f + 18. Let p(u) = -5*g(u) + 6*v(u). Give p(5).
-10
Let s = 29 + -21. Suppose 4*l + 3 = x + 5, -2*x = 4*l - s. Let b(q) be the second derivative of q**4/6 - q**2 - 2*q. Determine b(x).
6
Let f be (-2)/2*1 - 1. Let m(g) = g**2 - 5*g**2 - g**3 + 2*g**2 - 724 + 2*g + 726. Determine m(f).
-2
Suppose -24 = 2*r + r. Let t(w) be the third derivative of w**4/24 + 7*w**3/3 + 149*w**2. What is t(r)?
6
Let n(c) be the second derivative of 1/3*c**3 + 19*c + 0 + 7/12*c**